*t + l - 7. Give g(5).
13
Let i(z) = -z**3 - z**2 + z + 2. Let v be i(0). Let d(q) = 4*q**v + 4*q**3 - 4*q**2 + q**2. Determine d(1).
5
Let n(h) = 4*h**2 + 40*h - 14*h + 8 - 21*h - 5*h**2. Give n(8).
-16
Let j(w) = 7*w - 2*w - 3*w - 7*w**3 - 1. Suppose -5*f - 8 - 12 = -5*l, -5*l + 17 = -4*f. Determine j(l).
-6
Suppose 25*u - 27*u = -18. Let x be 2/(-4) - u/2. Let i(h) = h**2 + 13*h + 10. Let a(l) = -2*l**2 - 27*l - 21. Let f(y) = 6*a(y) + 13*i(y). Give f(x).
-6
Suppose 2 = -3*q - 7. Let n(f) = f**3 + 2*f**2 - 4*f. What is n(q)?
3
Suppose -7 = -2*b + 5*x, 5*x + 0*x = 3*b - 3. Let t(a) = -1 - 2 + 0 - 6*a. Let u(q) = -7*q - 4. Let y(r) = b*u(r) + 5*t(r). What is y(-2)?
5
Let b = -5 + 4. Let v(g) be the first derivative of -5*g**4/2 + g**3/3 + g**2/2 + g - 15. Calculate v(b).
11
Suppose -20 = -4*h - 4*a, 3*h - 4*a + a = 3. Let b(w) = 9*w - 3. What is b(h)?
24
Let z(t) = -t - 5. Let u(a) = 1. Let x(j) = 4*j + 0*j**2 - 5 - j**2 + j. Let q be x(4). Let f(p) = q*z(p) - 3*u(p). Determine f(3).
5
Let m(g) = g**3 + 6*g**2 - 7*g + 2. Let h be m(-7). Let o(v) be the first derivative of -1/2*v**2 + 8*v + h. What is o(0)?
8
Let g(w) be the second derivative of 7/2*w**2 + 1/3*w**4 - 5*w + 1/20*w**5 + 0 - 2/3*w**3. What is g(-5)?
2
Suppose -4 + 0 = -4*t. Let y = -3 + t. Let s(a) = a**2 + 3*a + 2. What is s(y)?
0
Let a(g) = g + 6. Suppose -54*o = -51*o. Calculate a(o).
6
Let h(z) = z**2 - 4*z. Let u be h(4). Let j(m) be the third derivative of -m**5/60 - m**4/24 - m**3/6 + m**2. Give j(u).
-1
Let n(g) be the first derivative of g**4/2 - g**3 - g**2/2 + 2*g + 1. Suppose -4*f - 7 = 3*r, 5*f - 3*r = -2*r + 15. Give n(f).
4
Let r(s) = 3 - 14 + 2 - s + 3. Give r(-4).
-2
Let p(w) = w + 4. Let z be 1/(-3*3/(-45)). Let r(i) = i - 3. Let q(k) = 3*k - 8. Let l(m) = 4*q(m) - 11*r(m). Let c(d) = z*l(d) - p(d). What is c(-1)?
-3
Let m(r) be the second derivative of r**7/840 - r**6/360 - r**5/120 - r**4/12 + r**3/2 - 5*r. Let n(g) be the second derivative of m(g). Determine n(3).
13
Let v(b) = -20*b + 41*b + b**3 - 7*b**2 + 6 - 16*b. Suppose 0*s + 3*s - 5*u - 23 = 0, 4*u + 4 = 0. What is v(s)?
0
Let o(z) = -z - 9. Let g be o(-6). Let p(w) = w + 6. Let n(r) be the first derivative of -r**2 - 11*r + 1. Let v(f) = g*n(f) - 5*p(f). What is v(-4)?
-1
Let b be -2*2/(12/(-15)). Let f(k) = -k**3 + 5*k**2 - k + 2. Let l be f(b). Let w(s) = 2*s**2 + 2*s - 1. Determine w(l).
11
Let d be 2 + (-4)/(-12)*0. Let h(k) = -k**3 + k**2 + 2*k - 2. Calculate h(d).
-2
Let r(l) = 0 + 1 - 11*l**2 - 13*l + 22*l - 8*l. Determine r(-1).
-11
Let f(u) = u**3 + 0*u**3 - 3 + 5 - 9*u - 4*u**2 + 10*u. What is f(4)?
6
Let d(g) = 4*g + 6. Let a(b) = -3*b - 6. Let i(c) = -3*a(c) - 2*d(c). Let r be i(-8). Let k = r - -6. Let o(y) = -y**2 + 2*y + 3. Give o(k).
-5
Let r(q) = q + 1. Let i = -27 - -23. What is r(i)?
-3
Let y(l) = l - 2. Let g be ((-1)/(-3))/(2/(-30)). Calculate y(g).
-7
Let o = -1 - -7. Suppose o*g = g. Let s be (-3)/(-3 + g) - -3. Let p(h) = h - 8. What is p(s)?
-4
Let d(l) = -l + 7. Let h(a) = 3*a - 21. Let u(g) = -7*d(g) - 2*h(g). What is u(-5)?
-12
Let h(k) be the third derivative of 2*k**5/15 - k**4/24 + 6*k**2. Let b = 8 - 5. Let u = b - 2. Determine h(u).
7
Let t(r) = 4*r - 2*r - 7 + 0*r + 8. Let z = 6 - 8. What is t(z)?
-3
Let r(s) be the third derivative of -s**6/120 + s**5/30 - 8*s**2. Determine r(2).
0
Let n(u) = u - 7. Let d be (-2)/((-6)/39*1). Let i = d - 7. Calculate n(i).
-1
Let k(y) be the second derivative of y**7/840 + y**4/24 + y**3/2 + 3*y. Let i(n) be the second derivative of k(n). What is i(0)?
1
Let a(n) be the second derivative of -n**4/12 + 2*n**3/3 + 5*n**2/2 - n. Let x = 4 - 2. Let m be (0 + -5)*(-3 + x). Determine a(m).
0
Let j be (-12)/66 - (-53)/(-11). Let v(l) = -l + 1. Let a(c) = 4*c - 2. Let f(p) = -a(p) - v(p). Calculate f(j).
16
Let f(g) be the second derivative of 1/6*g**3 + 2*g + 0 - 1/2*g**2. Determine f(-4).
-5
Suppose -c + 5*b - 2*b + 12 = 0, 5*c - 5*b = 30. Let m(d) = -3*d - c*d + d. Determine m(-2).
10
Let p(x) be the third derivative of x**4/24 + x**3/6 - 10*x**2. Calculate p(6).
7
Let p(j) be the second derivative of 0 + j + 2/3*j**3 - j**2 + 1/12*j**4. Let s(d) be the first derivative of p(d). Determine s(-5).
-6
Let t = -4 + 4. Let l(p) = 3*p + 2*p - 4 + t*p. Give l(3).
11
Let t(o) = -o**2 + 2*o - 1. Let p be t(2). Let a = 64 - 43. Let f(w) = 0 + 16*w - a*w + 0. Determine f(p).
5
Let q(d) = 10 - 6*d - d**3 - 2 - 7*d**2 + 0*d**2 - d. What is q(-6)?
14
Let g(p) = p**2 + 3*p + 2. Suppose -z + 2*x + 2 = -0*x, -2*z + 3*x + 4 = 0. Suppose -17 = 3*o - 2*w, 2*o = -3*o - z*w - 7. Determine g(o).
2
Let r = 316 - 315. Let x(y) be the third derivative of -y**5/20 + y**4/12 - y**3/6 + y**2. What is x(r)?
-2
Let n = 26 + -15. Let d(b) = b**2 - 10*b - 13. Let j be d(n). Let a(w) = w**2 - w. Determine a(j).
6
Suppose -5*z = y + 4*y - 555, -3*y = -2*z + 212. Let j(p) = 4*p**2 + z*p - 109*p + 1. What is j(1)?
5
Let s(o) = -4*o**2 - 5*o + 8. Let w(d) be the first derivative of d**3/3 - d - 5. Let h(b) = s(b) + 3*w(b). Give h(-6).
-1
Let c(n) = 3*n - 7. Let l be c(4). Let i(v) = -v + 8. Calculate i(l).
3
Suppose -3*n = -3*y + 30, -3*y + 4*y - 3*n - 16 = 0. Let z(j) = -j. Calculate z(y).
-7
Let i(v) = 2*v + v - 2*v - v**3 + 3*v**2 + 2. Let n(h) be the second derivative of h**3/6 + 11*h**2/2 + h. Let m be n(-9). Determine i(m).
8
Let z(c) = 4*c - 7. Let f be (7/(-21))/(2/(-30)). Calculate z(f).
13
Let b(m) be the first derivative of -m**2/2 + 3*m - 1. Let c be ((-8)/20)/((-4)/(-5))*8. Calculate b(c).
7
Let b be 3 + -2 - 2/(-2). Suppose -15 + 27 = 4*c. Let w(y) = 6*y + y**b + c - y - 2*y. Give w(-2).
1
Let f(s) = -5*s**3 + 2*s**2 - 4*s - 4. Suppose 13 = -5*l - 12. Let k(p) = -p**3 - 3*p**2 + 7*p**3 - 2*p + 7*p + 4. Let c(r) = l*f(r) - 4*k(r). What is c(-3)?
-5
Suppose -4*f + 5*w - 30 = 0, -w - 4 = 2*f + 2*w. Let m(y) be the second derivative of -y**5/20 - 5*y**4/12 + y**3/6 + y**2 + 2*y. What is m(f)?
-3
Let x(c) = 30*c - 2 - 29*c + 1. What is x(3)?
2
Let o(d) = 2*d**3 + 7*d**2 - 6*d + 13. Let i(n) = -n**3 - 3*n**2 + 3*n - 6. Let u(g) = -13*i(g) - 6*o(g). Let x = -34 + 52. Suppose -5*l + x = -2. Give u(l).
4
Let g be ((-10)/(-3))/(16/(-168)*-7). Let p(v) = -v**2 - v + 7. What is p(g)?
-23
Let o(g) = 10*g**2 - 1. Let p be (-20)/14 - (-10)/(420/18). What is o(p)?
9
Let a(l) = l**3 - 2*l + 2*l - 17 + 18. Calculate a(2).
9
Let s = 9 + -13. Let p = -10 + 12. Let b = s + p. Let v(a) = a**3 + a**2 - a + 2. Calculate v(b).
0
Let w = -6 + -2. Let y(b) = -b + 4. Let r(i) = 3*i - 11. Let c(n) = w*y(n) - 3*r(n). Calculate c(3).
-2
Suppose 1 + 2 = n. Suppose 5*t = -2 - n. Let d(k) = -3*k**2 - 2*k - 1. Calculate d(t).
-2
Let t(d) = -d + 2. Let s(o) = 3*o - 6. Suppose 2*m + 9 = 5*m, 0 = 2*i - 3*m + 15. Let y = -29 + 21. Let u(p) = i*s(p) + y*t(p). Determine u(5).
-3
Suppose -2 = -k + 3*k, -3*i + 4 = 5*k. Let z(m) be the third derivative of -i*m**2 - 1/60*m**5 - 1/4*m**4 + 0 - 7/6*m**3 + 0*m. Calculate z(-5).
-2
Suppose -100 = 2*o + 3*o. Let w be o/6*9/(-2). Suppose -3*f + 3 = w. Let n(z) = z + 9. Calculate n(f).
5
Suppose -r - 27 = -4*t, -4*t + 18 = -2*t - 2*r. Suppose 0 = 4*n - 2*n + t. Let b(d) = 1 - 3*d - 4*d - d**2 + d. Determine b(n).
10
Let y(p) be the third derivative of p**6/120 - p**5/30 - p**2 + 14*p. Suppose 0 = -4*q - 5*w - 2, w + 1 = 2*q - 5. Determine y(q).
0
Suppose -4*g - 20 = -2*o, -4*g - 11 = 1. Let b(j) = 5*j - j**2 - 3*j + 2*j**2 + o*j + 3. Calculate b(-4).
-5
Let u(r) = -14 - 3*r + 2*r + 7*r - 5*r. Calculate u(12).
-2
Let o = -13 + 6. Let t(l) = l + 11. Let a be t(o). Let q(s) = -s - a*s - 3 + 4 - 2. Give q(1).
-6
Suppose -5*s + 4*s - 24 = -5*h, -4*h + 2*s + 18 = 0. Let d be (-6)/((45/(-12))/h). Let w(p) = p - d - 4*p + 2*p. What is w(-4)?
-4
Let p(g) = -8*g - 1. Let c(l) = -7*l - 2. Let f(b) = 6*c(b) - 5*p(b). Let k(q) = 2*q + 6. Let y(w) = -5*f(w) - 6*k(w). Let d = -10 + 6. What is y(d)?
7
Let a(h) = h**3 + 8*h**2 + 6*h - 3. Suppose 0 = 10*v - 9*v + 7. Give a(v).
4
Let k be (3 + -2 + -2)*0. Let o(h) be the second derivative of 0*h**3 + 0 - 4*h**2 - 1/20*h**5 + h + k*h**4. Give o(0).
-8
Let y(d) be the second derivative of -d**3/6 + 8*d**2 + 20*d. Calculate y(12).
4
Suppose 5*h = -w + 9 + 6, w + 1 = 3*h. Let p be (6/4)/((-1)/h). Let l(q) = q - 2. Calculate l(p).
